12*s. Suppose 3*n + 16 = 4*j - 19, -2*n - 42 = -5*j. Determine g(j).
-6
Let n(r) = -6*r + 3. Suppose 9*t + 950 = 86. Let b = -94 - t. Give n(b).
-9
Let g = 323 - 321. Let z(x) = -x + 1 + g - 1 + 2 + 7*x. Determine z(5).
34
Let w(n) be the first derivative of 4*n**2 + 1 - 6*n - 1/3*n**3. Suppose 366*m = 357*m + 54. Determine w(m).
6
Let l be ((-1728)/40)/9 + 5 - (-1)/(-5). Let m(d) be the third derivative of -7*d**2 + l*d - 1/60*d**5 + 1/6*d**4 - 1/3*d**3 + 0. Determine m(3).
1
Let u(y) = -61*y - 40. Let c(f) = 840*f + 550. Let b(w) = -4*c(w) - 55*u(w). Let z be 3/5*(-15)/(-3). Suppose 13 = -s - 3*g, -2*g - 3*g - 31 = -z*s. Give b(s).
-10
Let b(k) = -k**2 - 12*k - 19. Let w be b(-9). Let p(i) = -398*i + 199*i + i**3 + w + 207*i + 8*i**2. Calculate p(-7).
1
Suppose 334*w - 661*w + 309*w = 378. Let r(l) = -l**2 - 23*l - 45. Determine r(w).
-3
Suppose 29*n + 5*r + 3 = 30*n, 3*n + 3*r = 81. Let x(o) = -o**2 + 28*o - 53. Give x(n).
62
Suppose -251 = 19*j - 175. Let l(u) = -6*u + u - u - u**3 - 4 + 0*u - 5*u**2. What is l(j)?
4
Let f(l) be the second derivative of -l**5/20 - 7*l**4/12 + 4*l**3/3 + 2*l**2 + l. Let d = -393522 + 393514. What is f(d)?
4
Suppose -5*h + 81 = -19. Let d = 18 + h. Let g = d + -39. Let l(z) = -z - 2. Calculate l(g).
-1
Let c(s) = 3*s**2 - 8*s - 10. Let u = -1098 - -1102. What is c(u)?
6
Let d be -2 - -3 - (0 + -5). Let j(q) = -8*q**2 - 9*q - 51 + 10*q**2 + 45 - 6*q**2. Let s(y) = -y**2 - y - 2. Let b(c) = -j(c) + 5*s(c). What is b(d)?
-16
Let y(t) be the first derivative of 0*t + 3/2*t**2 - 116. Calculate y(-3).
-9
Let p = -28 + 35. Suppose n - 19 = 3*o - 4*n, o + n = p. Let r(m) = -1414*m + o + 1415*m + 1 - 1. Give r(0).
2
Let m(f) = f**2 - 14*f - 5. Let l(r) = 40*r + 64. Let g be l(-3). Let t be ((-14)/g + 114/(-8))/(-1). Determine m(t).
-5
Let v(u) = 5*u**2 - 39*u - 11. Suppose -777 = -94*a - 25. Let g be v(a). Let x(c) = 2 + 0 + 4*c**2 + c**3 + 0*c + 2*c. Give x(g).
5
Let o(b) = -10*b**3 - 4*b**2 - 4*b - 20. Let g(s) = -5*s**3 - 2*s**2 - 2*s - 9. Let h = -526 + 522. Let c(q) = h*o(q) + 9*g(q). What is c(-1)?
4
Let p be 2/4*(1 - -1). Let x(d) = 2*d**2 + d - 641 + 4*d - 5*d + 640. What is x(p)?
1
Suppose 0 = -4*f - 12, 3*h + 4*f = 2*h - 20. Let k(m) be the first derivative of m**4/4 + 3*m**3 + 9*m**2/2 - 3*m + 9214. Give k(h).
-11
Let m be (7 + 1)/(2/(-2)). Let c be ((-96)/(-4) - m) + 0 + 0. Suppose -7 = 5*r - c. Let q(d) = d - 5. Give q(r).
0
Let n(w) = 2*w**3 + 7*w**2 - 3*w - 1. Let b = 17756 - 17760. Calculate n(b).
-5
Let o be -9*(-13 + 18)*4/(-30). Let l(s) = 2. Let w(d) = -3*d + 9. Let x(u) = o*l(u) + w(u). Determine x(8).
-3
Let m(h) = -4*h + 107. Suppose -4*r + 108 = 3*q, -3*r = -16*q + 8*q - 81. Give m(r).
-1
Let t(v) be the second derivative of 1/20*v**5 - 3/2*v**2 + 0 + 34*v + 2/3*v**3 + 1/2*v**4. Suppose 0 = -2*a - 10*a - 48. Give t(a).
13
Let z(b) = 3*b**2 - 4*b - 4. Suppose 4*d - 4*v = 28, 4*d - 24*v + 26*v - 16 = 0. Give z(d).
51
Let d(z) = z**2 + 9*z - 25. Let j(w) = 2*w**2 + 17*w - 49. Let r(x) = -11*d(x) + 6*j(x). Determine r(9).
89
Let c be (1665/30)/(1/2). Let v = c + -109. Suppose -v*i - 2*i = -y - 14, -2*y + 7 = -i. Let o(h) = 2*h - 4. Give o(y).
8
Let w(j) = j + 1. Let f(u) = 3*u + 2. Let l(v) = -4*f(v) + 11*w(v). Let b(m) = -m + 3. Let x(n) = 3*b(n) - 4*l(n). Calculate x(7).
4
Let g be -3*(15 + 190/(-12)). Let m(n) be the first derivative of 7/3*n**3 + 0*n - 1/4*n**4 + 25 - g*n**2. Give m(6).
6
Let i(x) be the third derivative of x**6/60 + 19*x**5/60 - x**4/2 + 4*x**3 - 3672*x**2. Give i(-10).
44
Let p be 200 + (-4 - 7/(-1)). Let s(y) = y - p + 201 - 3*y. Let q(w) = -w - 2. Let j be q(4). Give s(j).
10
Let o(t) = t + 2. Let r(v) be the third derivative of -4*v**3 + 15*v**2 + 0*v + 0 - 1/24*v**4. Let s be r(-26). Calculate o(s).
4
Let p(d) = -2 + 5*d + 3*d - 7*d. Let q be p(5). Suppose i = f + q*f - 19, -2 = -2*i - 2*f. Let k(b) = b**2 + b. Determine k(i).
6
Let a be (-12)/(-7) + (-6)/(-21). Let q(h) = h. Let r(f) = -2*f - 4. Let i(n) = 7*q(n) + r(n). What is i(a)?
6
Let j(w) = w**3 + 37*w**2 - 10*w - 376. Let l be j(-37). Let d(r) = r**2 + 2*r - 2. Determine d(l).
22
Suppose -4*b - 3*v = v - 12, 2*v + 18 = 2*b. Let i(a) be the third derivative of 1/2*a**3 + 5/24*a**4 - 1/60*a**5 - 161*a**2 + 0 + 0*a. What is i(b)?
-3
Let y(h) be the third derivative of h**8/6720 + h**6/720 - 19*h**5/60 - 36*h**2. Let u(m) be the third derivative of y(m). Suppose 0 - 1 = -a. Give u(a).
4
Let q(d) = 2*d**2 + 12*d + 9. Let h(x) = -26*x - 101. Let b be h(-4). Suppose -b*f + 3*y - 27 = 0, -f + y - 15 = f. What is q(f)?
9
Let g(d) = d**2 + 5*d - 74. Let b(w) = 27*w + 1248. Let v be b(-46). Determine g(v).
-8
Let x(l) be the second derivative of l**2 + 0 - 45*l + 1/3*l**3. Give x(-2).
-2
Suppose 2*v = -0*f - 4*f + 4, 0 = -4*f. Suppose 2*i = -0*m - 4*m - 22, m = -v. Let s(d) = d + 8. Determine s(i).
1
Let y = -4 + 2. Let x(s) = -s**2 + s + 5. Suppose w - 45 = -43. Let c(g) = 2*g**2 - 3*g - 13. Let q(v) = w*c(v) + 5*x(v). What is q(y)?
-3
Suppose -127*p = -301*p. Let i(k) be the third derivative of -k**5/60 - k**3/3 + 2*k**2. Determine i(p).
-2
Let o(h) = -53*h**3 + 86*h**2 + 73*h - 210. Let i(q) = -21*q**3 + 42*q**2 + 36*q - 105. Let r(c) = 5*i(c) - 2*o(c). What is r(-37)?
6
Let s(r) be the third derivative of -r**8/20160 - r**7/1260 - r**6/720 + 41*r**5/60 - 9*r**2. Let w(u) be the third derivative of s(u). What is w(-5)?
-6
Let b(v) be the first derivative of v**3/3 + 29*v**2/2 + 194*v + 10943. What is b(-19)?
4
Let w(c) be the third derivative of -c**4/24 - 38*c**2. Let b(h) = h**2 - 10*h + 1. Let k(n) = b(n) - 4*w(n). Calculate k(5).
-4
Let p(g) = -g**3 - 10*g**2 + 9*g + 106. Let v be ((-94)/(-1410) - (-1 + (-138)/(-45)))*5. Give p(v).
16
Let n(k) = -73*k**3 + 5*k**2 + 10*k - 5. Let a(i) = 85*i**3 - 5*i**2 - 11*i + 5. Let c(s) = -6*a(s) - 7*n(s). What is c(5)?
-15
Let m(y) = y**3 + y - 15. Suppose 0 = -12*x + 15*x - 282. Suppose -x*f = -92*f. Calculate m(f).
-15
Suppose -3*p = -5 - 4. Let x(l) = l**3 + 6*l**2 - l - 2. Let g be x(-6). Let c(n) = -37*n - n**3 + 38*n + 7*n**2 - g*n**2. What is c(p)?
3
Let c(o) = o**3 + 5*o**2 + 4*o + 9. Let m be c(-4). Suppose -h = m*h + 10. Let a(u) be the first derivative of 13*u**3/3 + u**2/2 + u - 2. Calculate a(h).
13
Let v(k) = 19*k**3 + 10*k**2 - 26*k - 15. Let i(f) = 7*f**3 + 3*f**2 - 9*f - 5. Suppose -132 = 23*b + 10*b. Let t(y) = b*v(y) + 11*i(y). What is t(6)?
-1
Let n(g) = g**2 - 16*g + 8. Let d be 65280/10752 - 1/14. Give n(d).
-52
Suppose -18*l = 19 + 53. Let d(z) = 2*z + 17. Let a(v) = -v - 9. Let j(h) = 11*a(h) + 6*d(h). Determine j(l).
-1
Let x = -1 + 6. Let q(u) = -61*u**2 - 3*u + 25. Let w(g) = 35*g**2 + g - 14. Let b(c) = -4*q(c) - 7*w(c). Calculate b(x).
-2
Let f(h) = 25*h + 47. Let k(d) = 26*d + 4. Let c(r) = -f(r) + k(r). Determine c(-18).
-61
Let o(d) = 23*d**2 - 11*d + 18*d - 1 - 22*d**2 + 1. Suppose 5 = 7*g - 2*g. Suppose -r - g = 6. Give o(r).
0
Let n(m) = -3*m**3 + 22*m**2 + 4*m + 4. Let t(u) be the first derivative of u**4/4 - 7*u**3/3 - u**2/2 - u - 70. Let k(g) = 2*n(g) + 7*t(g). Calculate k(4).
-11
Let l(x) = -x**3 + 5*x**2 - 4*x - 5. Let q = -27 + -9. Let j = -20 - q. Suppose -127*s = -131*s + j. Determine l(s).
-5
Let a(v) = -68*v + 4 + 65*v + 2*v**2 - v**2. Let x be a(3). Let c(q) = -q**2 + q + 2. Calculate c(x).
-10
Suppose -132 - 204 = -7*w. Let h(g) = 14*g - 2 - w*g + 16*g + 15*g. Determine h(4).
-14
Suppose 5*u - 1 = -5*c - 6, -4 = c. Let z(i) = -i**u + 5 + 1272*i - 1273*i - 11*i**2 - 20. Determine z(-11).
-4
Let g(q) = -65*q**2 - 2 + 141*q**2 + 5*q + q + 6 - 77*q**2. Suppose -5*k + 64 = -x + 24, -16 = -2*k - 2*x. Calculate g(k).
-12
Let p(u) be the third derivative of u**4/24 + u**3/6 - 2*u**2. Suppose 3*v = -2*w - 21, 105*w - 5*v = 103*w + 35. Give p(w).
1
Let u(z) = 4*z**2 + 6. Suppose -3*v - x + 4*x = 6, 5*v = 3*x + 4. What is u(v)?
106
Let h(u) = 11*u + 1041. Let b be h(-95). Let x(z) = 7*z - 9. Calculate x(b).
-37
Let a(i) = i**3 + 4*i**2 - 1. Suppose 0 = -2*c - 109 + 397. Let b = c - 146. Give a(b).
7
Suppose 0 = 5*l + 44 - 49. Suppose -l = -3*w + u + 9, 10 = -w - 3*u. Let d(p) = -w*p + 3*p - 3*p + 98*p**2 + 1 - 97*p**2. Give d(3).
4
Let u be (3*(-3)/(-9))/(3/6). Let a(b) = 96*b + 2*b**u - 96*b + 0*b**2. Give a(-2).
8
Let f(y) = 3*y**2 + 1